{"id":76,"date":"2018-11-04T21:05:38","date_gmt":"2018-11-04T20:05:38","guid":{"rendered":"http:\/\/moeebjerggaard.dk\/?page_id=76"},"modified":"2026-03-31T00:02:48","modified_gmt":"2026-03-30T22:02:48","slug":"kontigent","status":"publish","type":"page","link":"https:\/\/moeebjerggaard.dk\/?page_id=76","title":{"rendered":"Kontigent"},"content":{"rendered":"<p><strong>Kontingent 2026<\/strong><br \/>\nKontingent i Grundejerforeningen M\u00f8ebjerggaard udg\u00f8r pt. 2000,00 kr.\/\u00e5r<\/p>\n<p>Kontingentet betales \u00e9n gang \u00e5rligt med forfald d. 1 juni.<\/p>\n<p>Grundejerforeningens konto oplysninger er:<br \/>\nDanske Bank<br \/>\nReg nr. 1551<br \/>\nKonto nr. 3017869<\/p>\n<p>For nye medlemmer betales indmeldelsesgebyr p\u00e5 200,00 kr.<\/p>\n","protected":false},"excerpt":{"rendered":"<p>Kontingent 2026 Kontingent i Grundejerforeningen M\u00f8ebjerggaard udg\u00f8r pt. 2000,00 kr.\/\u00e5r Kontingentet betales \u00e9n gang \u00e5rligt med forfald d. 1 juni. Grundejerforeningens konto oplysninger er: Danske Bank Reg nr. 1551 Konto nr. 3017869 For nye medlemmer betales indmeldelsesgebyr p\u00e5 200,00 kr.<\/p>\n","protected":false},"author":1,"featured_media":0,"parent":0,"menu_order":0,"comment_status":"closed","ping_status":"closed","template":"","meta":{"footnotes":""},"class_list":["post-76","page","type-page","status-publish","hentry"],"_links":{"self":[{"href":"https:\/\/moeebjerggaard.dk\/index.php?rest_route=\/wp\/v2\/pages\/76","targetHints":{"allow":["GET"]}}],"collection":[{"href":"https:\/\/moeebjerggaard.dk\/index.php?rest_route=\/wp\/v2\/pages"}],"about":[{"href":"https:\/\/moeebjerggaard.dk\/index.php?rest_route=\/wp\/v2\/types\/page"}],"author":[{"embeddable":true,"href":"https:\/\/moeebjerggaard.dk\/index.php?rest_route=\/wp\/v2\/users\/1"}],"replies":[{"embeddable":true,"href":"https:\/\/moeebjerggaard.dk\/index.php?rest_route=%2Fwp%2Fv2%2Fcomments&post=76"}],"version-history":[{"count":7,"href":"https:\/\/moeebjerggaard.dk\/index.php?rest_route=\/wp\/v2\/pages\/76\/revisions"}],"predecessor-version":[{"id":484,"href":"https:\/\/moeebjerggaard.dk\/index.php?rest_route=\/wp\/v2\/pages\/76\/revisions\/484"}],"wp:attachment":[{"href":"https:\/\/moeebjerggaard.dk\/index.php?rest_route=%2Fwp%2Fv2%2Fmedia&parent=76"}],"curies":[{"name":"wp","href":"https:\/\/api.w.org\/{rel}","templated":true}]}}